 5 = -0. Suppose 2*i - i = -n. Calculate m(i).
-13
Let f(v) = -2*v**2 - 1 + 1 + 3*v**2 - 9*v. Let s be 2 - (-1)/((-1)/6)*-1. Give f(s).
-8
Let f(n) be the first derivative of n**3 + 3*n**2/2 - 3*n + 19. Let z = -4 - -1. Determine f(z).
15
Suppose 5*r = r + 16. Suppose 0 = r*k + k - 240. Let l be k/8 - (0 - 1). Let f(x) = x**3 - 6*x**2 - 7*x. Determine f(l).
0
Let d(s) = 6*s + 3. Let x(v) = 11*v + 7. Let c(l) = -7*d(l) + 4*x(l). Suppose 3 = -4*r - 5. Let n be r + 1*-5 + 2. Give c(n).
-3
Suppose 3*b - 5*j = -0*j + 16, 4*b - 16 = 4*j. Let o(w) = -b + 0*w - 3*w - 1. Determine o(-5).
12
Let n(t) = t**2 - 4*t + 14. Let w be n(8). Let x(o) = -4*o**2 - 1 - o**3 - w*o + 23*o + 22*o. Calculate x(-4).
3
Let g = 604 - 598. Let w(p) = 4*p - 5. Determine w(g).
19
Let o(p) = -p**3 + 10*p**2 - 9*p + 2. Suppose 0 = -161*s + 156*s + 45. Calculate o(s).
2
Let t be 5 - 3/((-2)/(-2)). Let h(l) = t*l**2 + 6 + 4*l**2 - 11 - l**3 + l. Give h(6).
1
Let m(c) = 12*c + 9. Let j(z) be the second derivative of -z**3 - 2*z**2 - 28*z. Let n(w) = -5*j(w) - 2*m(w). What is n(4)?
26
Let r(j) = 2*j + 12. Let c be r(-4). Let x(q) = -1 - q - c + 2 + 11. Give x(6).
2
Let o(b) = -2*b**3 - 6*b**2 - 3*b - 10. Let x(l) = -l**3 - 3*l**2 - 2*l - 5. Let d(h) = 4*o(h) - 7*x(h). Calculate d(-4).
3
Let i(g) = 2*g**3 + g**2 - 1. Suppose -1 = -2*k + 5. Suppose k*c = 4*n - 15, 5*c + n = -n + 1. Determine i(c).
-2
Let m(x) be the second derivative of x**7/840 + x**6/72 + x**5/40 + x**4/24 + 11*x**3/6 + 9*x. Let n(q) be the second derivative of m(q). Give n(-4).
5
Let b(k) = k**3 - 23*k - 22. Let p be b(-1). Let w(r) = r**2 - r - 22. Give w(p).
-22
Let j(a) = -a**3 - 3*a**2 + 2. Suppose 2*p - p = -2*k - 54, -4 = 2*p. Let i = k - -24. Determine j(i).
-2
Let y(p) = p**3 + 9*p**2 - 10*p - 13. Suppose 7 + 53 = -6*w. Give y(w).
-13
Suppose 2*h = 2*d + 18, -3*d - 2*d - 3 = 2*h. Let x(l) = 2*l - 7. Let g be x(h). Let z(u) = 6*u - g*u - 2*u + 3. Calculate z(6).
-3
Let d(f) = 10 - 5 + 0*f - 4 - 7*f. Suppose 2*h = 3*p - 14, 4*p - 16 = 2*p + 3*h. Let i be 1 - (0 - (p - 2)). What is d(i)?
-6
Let n = -89 - -93. Let h(y) = 5 - 2*y - 2*y + 4*y**2 + 1 - 3*y**2. Determine h(n).
6
Let x(h) = -h**3 - 7*h**2 - 5*h + 7. Let o be 3/15 + 2 + 138/10. Suppose -2*f = 2*f - k + 28, 0 = -4*k + o. Give x(f).
1
Let n be (-5 - -2) + 0 - -3. Let k(t) = n*t**3 - 4 - 2 - t**3 - 27*t**2 - 6*t + 22*t**2. Suppose -4*l - 10 - 6 = 0. What is k(l)?
2
Let p(s) be the third derivative of -s**4/4 + 3*s**3/2 - 13*s**2. Let d(u) = 2 + 2 - 3 - 2. Let r(v) = 9*d(v) + p(v). What is r(-1)?
6
Suppose 23*h + 27 = -19. Let q(u) = 15*u + 2. Give q(h).
-28
Let q be 2/(-8)*0 - 0. Suppose q = -4*z + 3*l - 43, -5*z - 9 - 6 = 4*l. Let a(y) = 2*y + 10. Give a(z).
-4
Let y = 71 - 74. Let m be (-1 - 0) + (-3 - (5 + y)). Let t(x) = -x + 2. Determine t(m).
8
Suppose -3*a - 53 = 5*q - 5*a, 4*q + 5*a + 16 = 0. Let z(c) = -9*c - 4 + 8*c**2 + c**3 - 4 + 3. What is z(q)?
-5
Let f(v) = 29 - 20 - 9*v + 11*v. Calculate f(-7).
-5
Let i(s) = 11*s + 5. Let x(d) = 19*d + 9. Let g(m) = 5*i(m) - 3*x(m). Suppose -3*q - 20 = -8*q. Suppose 4*p = -5*c - 56 + 19, -p + 17 = -q*c. What is g(c)?
8
Let y(i) be the third derivative of 0 + 1/24*i**4 + 0*i - 6*i**2 + 7/6*i**3. Give y(-4).
3
Let i(y) = -5*y**2 + 1. Suppose -30*h + 4*h + 26 = 0. Calculate i(h).
-4
Let g(f) = -11*f**3 + 15*f**2 - 10*f - 12. Let n(w) = -2*w**3 + 2*w**2 - 2*w - 2. Let v(x) = g(x) - 5*n(x). Suppose 0 = 3*t - 18 + 3. Calculate v(t).
-2
Let u(p) = -5*p**2 + 32*p + 14. Let f be u(7). Let b(l) = l**3 + 6*l**2 - 4*l + 24. Calculate b(f).
3
Let g(r) be the third derivative of 19*r**6/120 - r**5/60 - r**4/24 + r**3/6 + 3*r**2 - 31*r. Calculate g(1).
18
Let w(j) = 3*j**3 + 21*j**2 - 7*j. Let c(x) = -2*x**3 - 11*x**2 + 3*x - 1. Let n(q) = -5*c(q) - 3*w(q). Determine n(7).
-2
Let o(h) = -h**3 - 9*h**2 - 2*h + 1. Let s(c) = -2*c**3 - 17*c**2 - 5*c + 1. Let y(q) = 5*o(q) - 3*s(q). Let x be y(-5). Let k(j) = j + 1. Give k(x).
3
Let c = 117 - 114. Let d(y) = -y**2 + 2*y + 6. Let z be (-1)/(-2 + (-14)/(-6)). Let m(u) = -u + 1. Let v(x) = z*m(x) + d(x). Calculate v(c).
9
Let o(m) = -m**2 - 4*m - 6. Let g(h) = h**2 + 3*h + 6. Let z(s) = -3*g(s) - 2*o(s). Determine z(-5).
-26
Let f(p) be the first derivative of -p**4/4 + 11*p**3/3 + 6*p**2 - 6*p + 527. Give f(12).
-6
Let v be 3 - (4 + 3 + -4). Let h(y) = -3 + v*y**2 - 5*y**2 + 4*y**2 - 7*y. Calculate h(-6).
3
Let a(x) = -x**2 + 12. Let n(c) = -7*c - 34. Let p be n(-5). Let f be p + 2 + (-15)/5. Give a(f).
12
Let s(b) be the second derivative of -b**3/6 + b**2 - 7*b. Let u be (0 + 3/2)/((-6)/(-8)). Give s(u).
0
Suppose z - 7 = -5*h, z = -2*z - 2*h - 5. Let u be 2/(4*(-2)/(-16)). Let f(n) = -5*n - 8. Let v(k) = -14*k - 23. Let x(i) = u*v(i) - 11*f(i). Determine x(z).
-1
Let i be (-2)/(-10) + 72/40. Let l(v) = 52*v**i - 7 - 4*v + 0*v - 51*v**2. Give l(7).
14
Let i be 4/16 + (-110)/(-40). Let a(f) be the second derivative of 1/3*f**i + 5/2*f**2 - 5*f + 0. Calculate a(-5).
-5
Let n(y) = -3*y**2 + 11*y + 12. Let z(k) = -2*k**2 + 9*k + 9. Let q(a) = 3*n(a) - 4*z(a). Calculate q(5).
-40
Let g(i) = -5*i - 14. Let k be -11 - (-4 + -19 + 12). What is g(k)?
-14
Let p(m) = m**2 + m - 3. Let u = 113 + -116. Give p(u).
3
Let q(i) = 7*i**3 + 2*i + 8*i**3 + 9*i**3 - 6*i**2 + 7 - 23*i**3. Determine q(6).
19
Let n(u) be the first derivative of -1/2*u**2 + 4*u + 1. Let a(l) = -17*l - 232. Let q be a(-14). Give n(q).
-2
Let n(s) = 36*s**2 - 4 + 33*s**2 - 71*s**2 + 6*s - 5. Determine n(3).
-9
Let q(d) be the third derivative of 0 - 3/8*d**4 - 5/6*d**3 + 5*d**2 + 0*d + 1/40*d**5. Let s(n) be the first derivative of q(n). What is s(7)?
12
Let c be (2/(-4))/((-1)/10). Let i(q) = -908 + 226 + q + 232 + 231 + 225. Give i(c).
11
Let u(h) = -5*h**2 + 30*h + 11. Let l = 99 - 101. Let c(d) = -d**2 + 6*d + 2. Let a = 2 - -9. Let y(z) = a*c(z) + l*u(z). Calculate y(5).
5
Let s(h) = 4*h**3 + 14*h**2 - 154 + 120 + 30*h - 2*h**3 - h**3. What is s(-11)?
-1
Let a be (32/1)/(3 + (-20)/8). Let f = a - 67. Let d(r) = -r**3 - 2*r**2 + r. What is d(f)?
6
Let l(w) be the third derivative of 0 + w**2 + 2/3*w**3 + 0*w + 1/60*w**5 + 1/6*w**4. Calculate l(-5).
9
Let s(f) = -2*f**3 + 2 - 4*f**2 + f**3 + 7*f**2. Let m be s(3). Let u be -4*(m - (-11)/(-4)). Let o(p) = p**3 - 4*p**2. Determine o(u).
-9
Let s(f) = -26*f + 9. Let j(a) = -30*a + 9. Let w(u) = -6*j(u) + 7*s(u). Give w(-5).
19
Let f be (-3)/(0 - 1) + -2. Let v(x) = -f - x - 6*x + 6*x. What is v(-4)?
3
Let h(z) = -z + 1. Suppose -6*q = -3*q + 12. What is h(q)?
5
Let w(x) = -x**2 + 1 + 2*x**2 - 3*x + 0*x**2 + x. Let b = -116 + 114. Determine w(b).
9
Let c = 0 - -3. Let x(u) = u**3 - 4*u**2 + 5*u - 6. Let t be x(c). Let w(s) = s**2 + s + 18. What is w(t)?
18
Suppose 3*l - 12 = -j, -l + 0*j = -2*j - 11. Let o(x) be the second derivative of -x**3/6 + 3*x**2/2 + 33*x. Determine o(l).
-2
Let q be -3 - (-3 - -9) - -2. Let m(g) = -g**3 - 6*g**2 + 9*g + 3. Determine m(q).
-11
Suppose 3*w - 30 = w - 3*x, 0 = -3*w - x + 52. Let s(b) = -6*b - 10 - 11*b + w*b. Determine s(9).
-1
Suppose -25 = -5*y, 18*u - 13*u + 3*y = 45. Let c(v) = 7*v - 6. Calculate c(u).
36
Let w(i) = 5*i**2 + i**3 + 5*i + 1 - 2*i**3 + 2 - 4. Let z = 8 - 3. Suppose -z = -2*d + 4*j + 3, d - j - 5 = 0. Calculate w(d).
-7
Suppose -15*b = -11*b - 792. Let p be (-6)/4*(-11)/(b/(-48)). Let r(l) be the second derivative of l**4/12 + 7*l**3/6 + 3*l**2 + l. What is r(p)?
-6
Let d be ((-15)/30*4)/(1 + -2). Let t(l) = -2*l**2 + 4. What is t(d)?
-4
Let z(m) = 8*m + 0*m**2 + m**2 - 377 + 374. Determine z(-5).
-18
Let v(l) = -l + 5. Suppose 5*k - 2*z = 0, -4*z + 9 = -11. Suppose 7*p - k*p = -30. Calculate v(p).
11
Let d(j) = 5*j + 2227*j**2 - 4446*j**2 + 2220*j**2 - 3. Suppose -y - y = t + 3, -3*t = 3*y + 12. Give d(t).
-3
Let k = 238 - 170. Suppose k = -3*f + 68. Let w(b) = b**2 + 4. What is w(f)?
4
Suppose 4*r - 56 = 20. Let p(y) = -y**2 + 19*y + 7. Give p(r).
7
Let x(i) = 18*i**2 - 52*i - 14. Let o(t) = -15*t**2 + 49*t + 13. Let k(y) = 7*o(y) + 6*x(y). Give k(-10).
-3
Let w(b) = -b**3 - 2*b**2 - b + 2. Let r = 41 + -32. Suppose -n - r + 6 = 0. Calculate w(n).
14
Let i(v) be the first derivative of -3 + 7/2*v**2 - 1/3*v**3 + 11*v. Calculate i(9).
-7
Let w(m) = 2*m**2 - 24*m - 23. Let i be w(13). Let s(k) = -12*k -